 - 27*f - 15*f - 2*f**2. What is u(4)?
-10
Let y(b) = 11*b + 9. Suppose -59*f + 54*f - 4*a - 29 = 0, -4*f + 4*a + 20 = 0. Calculate y(f).
-2
Let f be 2 - 6 - (-60)/40*104/6. Let j(n) = -n**2 + 27*n - 119. Give j(f).
-9
Let m(j) = 19*j + 770. Let k(u) = -19*u - 735. Let f(x) = 3*k(x) + 2*m(x). What is f(-35)?
0
Let i = 1 - 0. Let q(f) be the second derivative of -f**4/6 + f**3/6 + 213*f + 71. Calculate q(i).
-1
Suppose -184 = 19*q - 60 + 85. Let r(w) = -11*w**2 + 13*w. Let s(i) = 5*i**2 - 2*i - 5*i + 0*i. Let c(o) = q*s(o) - 6*r(o). What is c(1)?
10
Let w be 5*1 - (45/(-15) - 4). Let d(j) = 38 - w*j**2 - 32 + 10*j**2 - 13*j. Give d(-6).
12
Let k(x) be the first derivative of x**2 - 62*x + 4775. What is k(22)?
-18
Let w(l) = -3*l. Suppose 5*g - 892 = 3*q, q + q + g = -586. Let x = -286 - q. What is w(x)?
-24
Let n(a) = -3*a**3 + 0*a**3 + 6*a**3 - 3 - 3*a + 3*a - a**2 - a. Let w(l) = 4*l**3 - 3*l**2 - 5. Let x(d) = -3*n(d) + 2*w(d). Determine x(-3).
-10
Suppose 24 = 23*t - 29*t. Let z(w) be the third derivative of -w**7/2520 - w**6/360 - w**5/30 + 6*w**2. Let a(b) be the third derivative of z(b). Give a(t).
6
Let r = 76 + -74. Let p(v) = 6 - 3*v**2 + 5*v**2 + 0*v**r - 4*v**2 + 9*v + v**2. Determine p(11).
-16
Let n(o) = -83*o**3 - 4*o**2 - 9*o + 1. Let u(q) = -78*q**3 - 3*q**2 - 7*q + 1. Let j(g) = 4*n(g) - 5*u(g). Determine j(-1).
-59
Let s(d) be the third derivative of 23*d**5/60 + d**4/4 - d**3/6 - 9*d**2 - 4*d. Let k(w) = 24*w**2 + 7*w - 1. Let b(i) = 6*k(i) - 7*s(i). Determine b(-1).
-16
Let o = -2326 + 2322. Let z(g) = g**2 + g + 1. Let c(n) = -4*n**2 - 2*n - 1. Let x(w) = -c(w) - 5*z(w). Calculate x(o).
-8
Let c(k) = -149*k + 180. Let o(s) = 26*s - 30. Let a(y) = -4*c(y) - 23*o(y). Give a(-20).
10
Suppose 570 = -58*i - 939 + 349. Let q(p) = p**3 + 20*p**2 - p - 26. Determine q(i).
-6
Let p(g) = -g**3 - 27*g**2 - 52*g - 44. Let a be -3 + 205/70 + (12564/(-56))/9. Determine p(a).
6
Let j(c) = -51*c - 200. Let g be j(-4). Suppose 5*m + f = -43, 5*m + 0*m - g*f + 28 = 0. Let i(r) = r**2 + 8*r - 5. Calculate i(m).
-5
Let d(t) = 2 + 371*t**2 + 1 + 0 - 4 - 370*t**2 - 5*t. Give d(5).
-1
Let h = -66 - -109. Let q = h - 44. Let f(k) be the first derivative of -4*k**2 - k - 6. Give f(q).
7
Let m(q) = -3*q**3 + 33*q**2 + 30*q + 6. Let v(b) = 4*b**3 - 33*b**2 - 30*b - 23. Let a(r) = -5*m(r) - 4*v(r). Calculate a(-32).
-2
Let a = -23897 - -23902. Let l(c) = c**2 - 23*c + 92. Give l(a).
2
Let v(r) be the third derivative of r**5/60 - 7*r**4/4 - 67*r**3 - 2*r**2 + 860. Calculate v(50).
-2
Let v(l) = 7*l**2 + 23*l - 20. Let k(d) = -4*d**2. Let z(i) = -2*k(i) - v(i). What is z(22)?
-2
Suppose -4*k + 2*k + 2*a = 26, 5*k + 68 = 2*a. Let s(h) = h**3 + 16*h**2 + 30*h + 5. Determine s(k).
-23
Let u(y) = y**3 - 10*y**2 - 14*y + 28. Let o be u(11). Let a(s) = 22 + 9*s - 22 - s**2. Let z(r) = r**2 - r - 1. Let m(v) = -a(v) - 2*z(v). Determine m(o).
12
Let n(o) = -o**3 - 14*o**2 - 16*o - 31. Let d be n(-13). Suppose -m + d = 5*c, -10 = -4*m + 4*c - 2. Let a(x) = x**2 + 0 + x - 2*x**2 + 5 - 3. Calculate a(m).
-4
Let i(p) = p - 19. Let l = -1838 - -1864. What is i(l)?
7
Let i(q) = q**2 - 10*q - 5. Let s be (-16)/104 + 14 - 2/(-13). Suppose 5*n = 3*d + 39, 3*n - 20 = -4*d - s. Calculate i(n).
-29
Suppose 0 = -116*o + 128*o - 72. Let q(y) = 8*y**2 + 7*y - 10. Let h(i) = 15*i**2 + 12*i - 19. Let n(r) = o*h(r) - 11*q(r). What is n(5)?
21
Let v(n) = n**3 - 8*n**2 - 120*n + 798. Let d be v(6). Let t(s) be the third derivative of -s**4/24 + s**3/2 + 4*s**2. What is t(d)?
-3
Suppose 9*u + 27*u = -72. Let o(g) be the third derivative of -g**5/30 - g**3/6 - 9*g**2. What is o(u)?
-9
Suppose 21*n - 161 = 14*n. Suppose 0 = 14*f + n + 5. Let w(z) = z**2 + z - 5. Determine w(f).
-3
Let c(o) be the second derivative of -o**3/6 - 2*o**2 + 19345*o. Let r = 2 - 5. Determine c(r).
-1
Let w(h) = 4*h**3 - h**2 + h + 7. Let q(c) = -21*c**2 + 22*c**2 - 6 - 4*c**3 + c**3 - c. Let z(j) = -3*q(j) - 2*w(j). Let i be 0/1 + 0/8. What is z(i)?
4
Let r(q) be the second derivative of -q**3/3 + 3*q + 5. Let h(w) = 3*w + 1. Let v(i) = 3*h(i) + 4*r(i). Calculate v(0).
3
Let q(p) = -11*p**3 - 22*p**2 - 38*p - 2. Let t(v) = 7*v**3 + 15*v**2 + 25*v + 2. Let x(d) = 5*q(d) + 8*t(d). Give x(-9).
-3
Let v(i) = -8 + 267*i + 3*i**2 - 2*i**2 - 254*i. Let b be v(-14). Let y(s) = 3*s - 7. Calculate y(b).
11
Let k = 113 - 76. Let d = k - 34. Suppose 9 = -c + d. Let x(q) = 2*q + 4. Give x(c).
-8
Let m be 11 + (0 + -1)*2. Let r(p) = 3*p**2 + 12*p + 4. Let s(b) = -2*b**2 - 11*b - 3. Let t(n) = 3*r(n) + 4*s(n). Calculate t(m).
9
Let s(z) = 3*z - 2. Suppose 0 = 2*h - 10. Suppose -4*n = -h*n + 4. Suppose n + 5 = -4*g - a, 4*a = -4*g. Calculate s(g).
-11
Let z = 183618 + -183626. Let a(t) = 9*t + 2*t**2 + t**2 - 1 - 10*t**2 - t**3. Calculate a(z).
-9
Let f(c) be the first derivative of c**4/4 + 4*c**3/3 - 3*c**2/2 - 7*c + 8. Let j be 4/((-31)/(-6) - 5). Let s = 19 - j. Calculate f(s).
-17
Let k(o) = -15*o + 5. Let u(w) = 6*w**2 - 3*w + 1. Let j be u(1). Let s(y) = -7*y + 2. Let c(x) = j*k(x) - 10*s(x). Let t be -1*(-4 - -3) - 4/2. Give c(t).
-10
Let o(p) = 107134*p**2 - p + 107138*p**2 - 214267*p**2 + 5. Give o(0).
5
Let z(g) = 5915*g - 1956*g - 1959*g - 29*g**2 + 48 - 1974*g + g**3. Determine z(28).
-8
Let u(v) be the third derivative of 0*v - 7/24*v**4 + 0 - 1/6*v**3 + 8*v**2 + 1/60*v**5. Suppose -18 = -3*j + 3. Give u(j).
-1
Let j(m) = 13 - 2215*m**2 - 22*m + 550*m**2 + 557*m**2 + 556*m**2 + 551*m**2. What is j(-21)?
34
Let f(a) = a**2 - 4*a - 13. Let n be 126/(-24)*((-13)/3 - -3). Calculate f(n).
8
Let o(z) = 2*z - 15. Let k(b) = -2*b + 16. Let v = 218 - 222. Let h(a) = v*k(a) - 3*o(a). Determine h(8).
-3
Let m be 1 + 5 - (2 - 1/1). Suppose 0 = -r - 0*c + 2*c - 1, -m*c = 5*r + 5. Let o be ((-8)/(-2))/(r*(-5 + 3)). Let n(y) = -2*y**3 + 2*y**2 - 2. What is n(o)?
-10
Let w(n) = -n**2 - 9*n + 78. Let v be 10/(-55) + 10921/(-737). Determine w(v).
-12
Let j(g) be the first derivative of 1/3*g**3 + g**2 - 13 + 2*g. Let u = -6 - -2. Give j(u).
10
Let d = -1313 + 1319. Let k(a) = -9*a + 51. Give k(d).
-3
Let t(a) be the first derivative of 49*a**2/2 + 2*a - 311. What is t(-1)?
-47
Let r(f) be the second derivative of f**5/10 - f**3/2 + f**2 - 240*f + 2. Let b(t) = -t**3 + 6*t**2 - 5*t - 6. Let s be b(5). Let o = -4 - s. Calculate r(o).
12
Let h(l) = 3 - l**3 + l - 10*l**2 + 5*l - 9 + 4*l**2. Let f(t) = -22*t + 7. Let z be f(-1). Suppose -106 + z = 11*b. Give h(b).
1
Let d(l) = -5*l - 1. Suppose -108*h + 198 = -105*h. Suppose t = h*t - 65. Calculate d(t).
-6
Let m(i) = -3*i**3 + 2*i**2 + i - 2. Let g(r) = -2*r**2 + r + 1. Let q be g(-2). Let l be 6/(-3)*3*(-3)/q. Determine m(l).
28
Suppose 4*o - 7 = 1. Let i(v) = 5 + 2 - 4*v + 5*v - o*v. Suppose -4*g - 3 = -23. Calculate i(g).
2
Let s = -119 + 121. Suppose 4*d + 4 = -i + 21, 13 = s*i + d. Let l(b) = 3*b + 1. Let m(g) = 7*g + 2. Let x(r) = -5*l(r) + 2*m(r). Calculate x(i).
-6
Let z(v) = 2*v + 17. Let s(f) = 6*f + 52. Let k(l) = 5*s(l) - 16*z(l). Let m(b) = -b**2 + 875*b + 7056. Let n be m(-8). What is k(n)?
4
Let r(i) be the first derivative of i**6/360 - 11*i**5/120 + i**4/8 - 10*i**3/3 - 5*i + 144. Let b(a) be the third derivative of r(a). Determine b(11).
3
Let d(p) be the first derivative of p**2/2 - 10. Let u(m) = m**2 + 13*m + 2. Let c be u(-12). Let i be c/(-35) + (-9)/7. Determine d(i).
-1
Let f(n) = n**2 + 36*n + 42. Suppose 0 = -32*i - 136*i - 5954 + 74. Give f(i).
7
Let o(s) = -26*s**3 - 28*s**2 + 11*s + 48. Let f(c) = -14*c**3 - 13*c**2 + 5*c + 26. Let r(x) = -11*f(x) + 6*o(x). Give r(-13).
28
Let r be 7/(-147)*-7*-3. Let c be -7 + 6 + (0 - 1)*r. Let f(k) = k**3 + k**2 - 7. Calculate f(c).
-7
Let p(s) be the third derivative of 0 + 1/6*s**4 + 176*s**2 + 0*s + 5/6*s**3. Let o(i) = -i**3 + 5*i**2 + 5*i + 2. Let m be o(6). What is p(m)?
-11
Let w(j) = 6*j + 5. Let y(l) = 5*l - 1. Let t(s) = w(s) - y(s). Suppose -9*p + p = 72. Calculate t(p).
-3
Let u(x) = -x**3 + x**2 + 73*x + 19. Let k be u(-8). Let m be 1*k/(-11) - -5. Let f(s) = 2*s + 1. Let y(p) = -p + 1. Let v(j) = -f(j) - y(j). Calculate v(m).
-6
Let u(o) = 3 - 3 + 5*o. Let n be (-4 - 0) + 537 + -4. Let t = 532 - n. Give u(t).
15
Let s(j) be the third derivative of 7*j**5/60 + j**4/24 + 146*j**2. Suppose -h - 